{"id":11,"date":"2021-07-04T11:54:50","date_gmt":"2021-07-04T14:54:50","guid":{"rendered":"http:\/\/beerbrand.com.br\/?page_id=11"},"modified":"2024-08-23T12:38:36","modified_gmt":"2024-08-23T15:38:36","slug":"nossascervejas","status":"publish","type":"page","link":"https:\/\/www.beerbrand.com.br\/?page_id=11","title":{"rendered":"Nossas Cervejas"},"content":{"rendered":"\n<div class=\"wp-block-cover alignfull has-nv-site-bg-background-color has-background-dim\" style=\"min-height:320px\"><div class=\"wp-block-cover__inner-container\">\n<div class=\"wp-block-group\"><div class=\"wp-block-group__inner-container\">\n<div class=\"wp-block-columns\">\n<div class=\"wp-block-column\" style=\"flex-basis:80%\">\n<div style=\"height:49px\" aria-hidden=\"true\" class=\"wp-block-spacer\"><\/div>\n\n\n\n<h1 class=\"has-text-align-left has-neve-text-color-color has-text-color has-large-font-size\">Nossas Cervejas<\/h1>\n\n\n\n<p class=\"has-neve-text-color-color has-text-color\" style=\"font-size:17px\">Oferecemos uma sele\u00e7\u00e3o de cervejas artesanais de alta qualidade que podem ser personalizadas com a<strong> sua marca<\/strong>. Cada uma delas \u00e9 cuidadosamente elaborada para garantir sabores aut\u00eanticos e inesquec\u00edveis. <strong>Conhe\u00e7a os nossos Estilos de Cervejas Especiais<\/strong>:<\/p>\n<\/div>\n<\/div>\n<\/div><\/div>\n<\/div><\/div>\n\n\n\n<div class=\"wp-block-cover alignfull has-neve-link-color-background-color has-background-dim\" style=\"min-height:600px\"><div class=\"wp-block-cover__inner-container\">\n<div class=\"wp-block-group\"><div class=\"wp-block-group__inner-container\">\n<div class=\"wp-block-columns\">\n<div class=\"wp-block-column is-vertically-aligned-center\" style=\"flex-basis:100%\">\n<div style=\"height:49px\" aria-hidden=\"true\" class=\"wp-block-spacer\"><\/div>\n\n\n\n<h4 class=\"has-neve-link-color-color has-nv-light-bg-background-color has-text-color has-background\" style=\"font-size:25px\"><strong>Pilsen Puro Malte<\/strong><\/h4>\n\n\n\n<ul><li><strong>Teor Alco\u00f3lico:<\/strong> 4,5% Vol<\/li><li><strong>Amargor (IBU):<\/strong> 12<\/li><li><strong>Cor:<\/strong> Dourado claro<\/li><li><strong>Descri\u00e7\u00e3o:<\/strong> Cl\u00e1ssica e refrescante, a Pilsen Puro Malte apresenta um equil\u00edbrio perfeito entre malte e l\u00fapulo, ideal para agradar todos os paladares.<\/li><\/ul>\n\n\n\n<div style=\"height:49px\" aria-hidden=\"true\" class=\"wp-block-spacer\"><\/div>\n\n\n\n<h4 class=\"has-neve-link-color-color has-nv-light-bg-background-color has-text-color has-background\" style=\"font-size:25px\"><strong>Witbier<\/strong><\/h4>\n\n\n\n<ul><li><strong>Teor Alco\u00f3lico:<\/strong> 4,5% Vol<\/li><li><strong>Amargor (IBU):<\/strong> 8<\/li><li><strong>Cor:<\/strong> Amarelo palha, levemente turva<\/li><li><strong>Descri\u00e7\u00e3o:<\/strong> Cerveja de trigo com notas c\u00edtricas e especiarias, leve e refrescante, perfeita para dias quentes e momentos de descontra\u00e7\u00e3o.<\/li><\/ul>\n\n\n\n<div style=\"height:49px\" aria-hidden=\"true\" class=\"wp-block-spacer\"><\/div>\n\n\n\n<h4 class=\"has-neve-link-color-color has-nv-light-bg-background-color has-text-color has-background\" style=\"font-size:25px\"><strong>Red Ale<\/strong><\/h4>\n\n\n\n<ul><li><strong>Teor Alco\u00f3lico:<\/strong> 5,0% Vol<\/li><li><strong>Amargor (IBU):<\/strong> 25<\/li><li><strong>Cor:<\/strong> Vermelho Rubi<\/li><li><strong>Descri\u00e7\u00e3o:<\/strong> Cerveja encorpada com sabor rico de malte e um toque sutil de caramelo, equilibrada com amargor moderado.<\/li><\/ul>\n\n\n\n<div style=\"height:49px\" aria-hidden=\"true\" class=\"wp-block-spacer\"><\/div>\n\n\n\n<h4 class=\"has-neve-link-color-color has-nv-light-bg-background-color has-text-color has-background\" style=\"font-size:25px\"><strong>Stout<\/strong><\/h4>\n\n\n\n<ul><li><strong>Teor Alco\u00f3lico:<\/strong> 4,7% Vol<\/li><li><strong>Amargor (IBU):<\/strong> 30<\/li><li><strong>Cor:<\/strong> Preto profundo<\/li><li><strong>Descri\u00e7\u00e3o:<\/strong> Potente e saborosa, a Stout \u00e9 marcada por sabores intensos de caf\u00e9 e chocolate amargo, com notas de malte torrado.<\/li><\/ul>\n\n\n\n<div style=\"height:49px\" aria-hidden=\"true\" class=\"wp-block-spacer\"><\/div>\n\n\n\n<h4 class=\"has-neve-link-color-color has-nv-light-bg-background-color has-text-color has-background\" style=\"font-size:25px\"><strong>Session IPA<\/strong><\/h4>\n\n\n\n<ul><li><strong>Teor Alco\u00f3lico:<\/strong> 4,0% Vol<\/li><li><strong>Amargor (IBU):<\/strong> 40<\/li><li><strong>Cor:<\/strong> Dourado Claro<\/li><li><strong>Descri\u00e7\u00e3o:<\/strong> Leve e arom\u00e1tica, a Session IPA traz uma explos\u00e3o de l\u00fapulos c\u00edtricos e resinosos, com amargor presente, mas equilibrado.<\/li><\/ul>\n\n\n\n<div style=\"height:49px\" aria-hidden=\"true\" class=\"wp-block-spacer\"><\/div>\n\n\n\n<h4 class=\"has-neve-link-color-color has-nv-light-bg-background-color has-text-color has-background\" style=\"font-size:25px\"><strong>IPA<\/strong><\/h4>\n\n\n\n<ul><li><strong>Teor Alco\u00f3lico:<\/strong> 6,0% Vol<\/li><li><strong>Amargor (IBU):<\/strong> 45<\/li><li><strong>Cor:<\/strong> Dourado<\/li><li><strong>Descri\u00e7\u00e3o:<\/strong> Cerveja robusta e amarga, com intensas notas de frutas tropicais e c\u00edtricas, ideal para quem aprecia um amargor mais pronunciado.<\/li><\/ul>\n<\/div>\n<\/div>\n<\/div><\/div>\n\n\n\n<p><\/p>\n<\/div><\/div>\n\n\n\n<div style=\"height:49px\" aria-hidden=\"true\" class=\"wp-block-spacer\"><\/div>\n\n\n\n<div class=\"wp-block-buttons is-content-justification-center\">\n<div class=\"wp-block-button is-style-primary\"><a class=\"wp-block-button__link\" href=\"https:\/\/api.whatsapp.com\/send?phone=5519981964248&amp;text=Gostaria%20de%20saber%20mais%20sobre%20as%20*Cervejas%20Personalizadas*\" style=\"border-radius:10px\">fa\u00e7a um or\u00e7amento<\/a><\/div>\n<\/div>\n\n\n\n<div style=\"height:49px\" aria-hidden=\"true\" class=\"wp-block-spacer\"><\/div>\n\n\n\n<div class=\"wp-block-cover alignfull has-nv-dark-bg-background-color has-background-dim\" style=\"min-height:300px\"><div class=\"wp-block-cover__inner-container\">\n<p class=\"has-text-align-center has-normal-font-size\"><small><strong>PROIBIDO A VENDA E CONSUMO DE BEBIDAS ALCO\u00d3LICAS PARA MENORES DE 18 ANOS.<\/strong><\/small> <strong>BEBA COM MODERA\u00c7\u00c3O<\/strong><\/p>\n<\/div><\/div>\n\n\n\n<p><\/p>\n","protected":false},"excerpt":{"rendered":"","protected":false},"author":1,"featured_media":0,"parent":0,"menu_order":0,"comment_status":"closed","ping_status":"closed","template":"","meta":{"om_disable_all_campaigns":false,"neve_meta_sidebar":"","neve_meta_container":"","neve_meta_enable_content_width":"on","neve_meta_content_width":100,"neve_meta_title_alignment":"","neve_meta_author_avatar":"","neve_post_elements_order":"","neve_meta_disable_header":"","neve_meta_disable_footer":"","neve_meta_disable_title":"on"},"_links":{"self":[{"href":"https:\/\/www.beerbrand.com.br\/index.php?rest_route=\/wp\/v2\/pages\/11"}],"collection":[{"href":"https:\/\/www.beerbrand.com.br\/index.php?rest_route=\/wp\/v2\/pages"}],"about":[{"href":"https:\/\/www.beerbrand.com.br\/index.php?rest_route=\/wp\/v2\/types\/page"}],"author":[{"embeddable":true,"href":"https:\/\/www.beerbrand.com.br\/index.php?rest_route=\/wp\/v2\/users\/1"}],"replies":[{"embeddable":true,"href":"https:\/\/www.beerbrand.com.br\/index.php?rest_route=%2Fwp%2Fv2%2Fcomments&post=11"}],"version-history":[{"count":20,"href":"https:\/\/www.beerbrand.com.br\/index.php?rest_route=\/wp\/v2\/pages\/11\/revisions"}],"predecessor-version":[{"id":172,"href":"https:\/\/www.beerbrand.com.br\/index.php?rest_route=\/wp\/v2\/pages\/11\/revisions\/172"}],"wp:attachment":[{"href":"https:\/\/www.beerbrand.com.br\/index.php?rest_route=%2Fwp%2Fv2%2Fmedia&parent=11"}],"curies":[{"name":"wp","href":"https:\/\/api.w.org\/{rel}","templated":true}]}}